{"id":2500,"date":"2021-05-11T12:44:58","date_gmt":"2021-05-11T17:44:58","guid":{"rendered":"http:\/\/localhost\/perfectexsas\/?post_type=product&#038;p=2500"},"modified":"2021-06-10T10:18:21","modified_gmt":"2021-06-10T15:18:21","slug":"tobillera-nina-gato-aguamarina","status":"publish","type":"product","link":"https:\/\/www.perfectexsas.co\/?product=tobillera-nina-gato-aguamarina","title":{"rendered":"Tobillera Ni\u00f1a Gato AguaMarina"},"content":{"rendered":"<p>Calcet\u00edn tipo tobillera en algod\u00f3n, color rosado con dise\u00f1o de gato gris con aguamarina.<\/p>\n<p>Disponibles en tallas 2T &#8211; 4T<\/p>\n","protected":false},"excerpt":{"rendered":"<p>Calcetines para las m\u00e1s tiernas de la familia.<\/p>\n","protected":false},"featured_media":2502,"comment_status":"open","ping_status":"closed","template":"","meta":{"jetpack_publicize_message":"","jetpack_is_tweetstorm":false,"jetpack_publicize_feature_enabled":true,"jetpack_social_post_already_shared":false,"jetpack_social_options":{"image_generator_settings":{"template":"highway","enabled":false}}},"jetpack_publicize_connections":[],"jetpack_sharing_enabled":true,"_links":{"self":[{"href":"https:\/\/www.perfectexsas.co\/index.php?rest_route=\/wp\/v2\/product\/2500"}],"collection":[{"href":"https:\/\/www.perfectexsas.co\/index.php?rest_route=\/wp\/v2\/product"}],"about":[{"href":"https:\/\/www.perfectexsas.co\/index.php?rest_route=\/wp\/v2\/types\/product"}],"replies":[{"embeddable":true,"href":"https:\/\/www.perfectexsas.co\/index.php?rest_route=%2Fwp%2Fv2%2Fcomments&post=2500"}],"wp:featuredmedia":[{"embeddable":true,"href":"https:\/\/www.perfectexsas.co\/index.php?rest_route=\/wp\/v2\/media\/2502"}],"wp:attachment":[{"href":"https:\/\/www.perfectexsas.co\/index.php?rest_route=%2Fwp%2Fv2%2Fmedia&parent=2500"}],"curies":[{"name":"wp","href":"https:\/\/api.w.org\/{rel}","templated":true}]}}