{"id":2571,"date":"2021-05-12T08:45:58","date_gmt":"2021-05-12T13:45:58","guid":{"rendered":"http:\/\/localhost\/perfectexsas\/?post_type=product&#038;p=2571"},"modified":"2021-07-15T09:06:35","modified_gmt":"2021-07-15T14:06:35","slug":"calcetin-puntos-verdes","status":"publish","type":"product","link":"https:\/\/www.perfectexsas.co\/?product=calcetin-puntos-verdes","title":{"rendered":"Calcet\u00edn Puntos Verdes"},"content":{"rendered":"<p>Calcet\u00edn casual en algod\u00f3n con puntos verdes.<\/p>\n<p>Disponible en tallas 10-12<\/p>\n","protected":false},"excerpt":{"rendered":"<p>Calcetines para que conquistes tus caminos y demuestres de que est\u00e1s hecha.<\/p>\n","protected":false},"featured_media":2585,"comment_status":"open","ping_status":"closed","template":"","meta":{"jetpack_publicize_message":"","jetpack_is_tweetstorm":false,"jetpack_publicize_feature_enabled":true,"jetpack_social_post_already_shared":false,"jetpack_social_options":{"image_generator_settings":{"template":"highway","enabled":false}}},"jetpack_publicize_connections":[],"jetpack_sharing_enabled":true,"_links":{"self":[{"href":"https:\/\/www.perfectexsas.co\/index.php?rest_route=\/wp\/v2\/product\/2571"}],"collection":[{"href":"https:\/\/www.perfectexsas.co\/index.php?rest_route=\/wp\/v2\/product"}],"about":[{"href":"https:\/\/www.perfectexsas.co\/index.php?rest_route=\/wp\/v2\/types\/product"}],"replies":[{"embeddable":true,"href":"https:\/\/www.perfectexsas.co\/index.php?rest_route=%2Fwp%2Fv2%2Fcomments&post=2571"}],"wp:featuredmedia":[{"embeddable":true,"href":"https:\/\/www.perfectexsas.co\/index.php?rest_route=\/wp\/v2\/media\/2585"}],"wp:attachment":[{"href":"https:\/\/www.perfectexsas.co\/index.php?rest_route=%2Fwp%2Fv2%2Fmedia&parent=2571"}],"curies":[{"name":"wp","href":"https:\/\/api.w.org\/{rel}","templated":true}]}}